{"id":3353,"date":"2026-02-05T15:11:47","date_gmt":"2026-02-05T15:11:47","guid":{"rendered":"https:\/\/ducultyservice.fr\/?page_id=3353"},"modified":"2026-03-04T10:51:40","modified_gmt":"2026-03-04T10:51:40","slug":"cgu","status":"publish","type":"page","link":"https:\/\/ducultyservice.fr\/?page_id=3353","title":{"rendered":"CGU"},"content":{"rendered":"\t\t<div data-elementor-type=\"wp-page\" data-elementor-id=\"3353\" class=\"elementor elementor-3353\">\n\t\t\t\t<div class=\"elementor-element elementor-element-560e3f5 e-flex e-con-boxed e-con e-parent\" data-id=\"560e3f5\" data-element_type=\"container\">\n\t\t\t\t\t<div class=\"e-con-inner\">\n\t\t\t\t<div class=\"elementor-element elementor-element-32b0faf elementor-widget elementor-widget-heading\" data-id=\"32b0faf\" data-element_type=\"widget\" data-widget_type=\"heading.default\">\n\t\t\t\t<div class=\"elementor-widget-container\">\n\t\t\t\t\t<h2 class=\"elementor-heading-title elementor-size-default\">Condition g\u00e9neral d'utilisation<\/h2>\t\t\t\t<\/div>\n\t\t\t\t<\/div>\n\t\t\t\t<div class=\"elementor-element elementor-element-e2f2596 elementor-widget elementor-widget-text-editor\" data-id=\"e2f2596\" data-element_type=\"widget\" data-widget_type=\"text-editor.default\">\n\t\t\t\t<div class=\"elementor-widget-container\">\n\t\t\t\t\t\t\t\t\t<h1 data-path-to-node=\"3\">CONDITIONS G\u00c9N\u00c9RALES D\u2019UTILISATION DU SITE DUCULTYSERVICE.FR<\/h1>\n<p data-path-to-node=\"4\"><b data-path-to-node=\"4\" data-index-in-node=\"0\">En vigueur au 04\/03\/2024<\/b><\/p>\n<p data-path-to-node=\"5\">Les pr\u00e9sentes conditions g\u00e9n\u00e9rales d&rsquo;utilisation (dites \u00ab <b data-path-to-node=\"5\" data-index-in-node=\"58\">CGU<\/b> \u00bb) ont pour objet l&rsquo;encadrement juridique des modalit\u00e9s de mise \u00e0 disposition du site et des services par <b data-path-to-node=\"5\" data-index-in-node=\"168\">DUCULTY SERVICE<\/b> et de d\u00e9finir les conditions d\u2019acc\u00e8s et d\u2019utilisation des services par \u00ab <b data-path-to-node=\"5\" data-index-in-node=\"257\">l&rsquo;Utilisateur<\/b> \u00bb.<\/p>\n<p data-path-to-node=\"6\">Les pr\u00e9sentes CGU sont accessibles sur le site \u00e0 la rubrique \u00ab <b data-path-to-node=\"6\" data-index-in-node=\"63\">CGU<\/b> \u00bb.<\/p>\n<h2 data-path-to-node=\"7\">Article 1 : Les mentions l\u00e9gales<\/h2>\n<p data-path-to-node=\"8\">L&rsquo;\u00e9dition du site <code data-path-to-node=\"8\" data-index-in-node=\"18\">https:\/\/ducultyservice.fr\/<\/code> est assur\u00e9e par la Soci\u00e9t\u00e9 <b data-path-to-node=\"8\" data-index-in-node=\"72\">DUCULTY SERVICE<\/b>&nbsp;<\/p>\n<p data-path-to-node=\"9\">L&rsquo;h\u00e9bergeur du site est la soci\u00e9t\u00e9 [Nom de l&rsquo;h\u00e9bergeur, ex: Hostinger, OVH&#8230;], dont le si\u00e8ge social est situ\u00e9 au [OVH].<\/p>\n<h2 data-path-to-node=\"10\">Article 2 : Acc\u00e8s au site<\/h2>\n<p data-path-to-node=\"11\">Le site <code data-path-to-node=\"11\" data-index-in-node=\"8\">https:\/\/ducultyservice.fr\/<\/code> permet \u00e0 l&rsquo;Utilisateur un acc\u00e8s gratuit aux services suivants :<\/p>\n<ul data-path-to-node=\"12\">\n<li>\n<p data-path-to-node=\"12,0,0\">Consultation des prestations propos\u00e9es par Duculty Service ;<\/p>\n<\/li>\n<li>\n<p data-path-to-node=\"12,1,0\">Prise de contact via formulaire ou coordonn\u00e9es affich\u00e9es ;<\/p>\n<\/li>\n<li>\n<p data-path-to-node=\"12,2,0\">[Ajouter d&rsquo;autres services si n\u00e9cessaire, ex: demande de devis en ligne].<\/p>\n<\/li>\n<\/ul>\n<p data-path-to-node=\"13\">Le sit<span class=\"citation-139 citation-end-139\">e est accessible gratuitement en tout lieu \u00e0 tout Utilisateur ayant un acc\u00e8s \u00e0 Internet. Tous les frais support\u00e9s par l&rsquo;Utilisateur pour acc\u00e9der au service (mat\u00e9riel informatique, logiciels, connexion Internet, etc.) sont \u00e0 sa charge.<\/span><\/p>\n<div class=\"source-inline-chip-container ng-star-inserted\">&nbsp;<\/div>\n<h2 data-path-to-node=\"14\"><span class=\"citation-138 citation-end-138\">Articl<\/span>e 3 : Collecte des donn\u00e9es<\/h2>\n<p data-path-to-node=\"15\">Le sit<span class=\"citation-137 citation-end-137\">e assure \u00e0 l&rsquo;Utilisateur une collecte et un traitement d&rsquo;informations personnelles dans le respect de la vie priv\u00e9e conform\u00e9ment \u00e0 la loi n\u00b078-17 du 6 janvier 1978 relative \u00e0 l&rsquo;informatique, aux fichiers et aux libert\u00e9s et a<\/span>u RGPD.<\/p>\n<div class=\"source-inline-chip-container ng-star-inserted\">&nbsp;<\/div>\n<p data-path-to-node=\"16\">En vertu de la loi Informatique et Libert\u00e9s, l&rsquo;Utilisateur dispose d&rsquo;un droit d&rsquo;acc\u00e8s, de rectification, de suppression et d&rsquo;opposition de ses donn\u00e9es personnelles. L&rsquo;Utilisateur exerce ce droit via :<\/p>\n<ul data-path-to-node=\"17\">\n<li>\n<p data-path-to-node=\"17,0,0\">Par mail \u00e0 l&rsquo;adresse :&nbsp;<span style=\"background-color: rgb(40, 42, 44); color: rgb(227, 227, 227); font-family: &quot;Google Sans&quot;, Roboto; font-size: 14px; font-style: normal; font-variant-ligatures: normal; font-variant-caps: normal; font-weight: 500; text-align: center;\">ducultyjason69@gmail.com<\/span><\/p>\n<\/li>\n<li>\n<p data-path-to-node=\"17,1,0\">Via le formulaire de contact du site.<\/p>\n<\/li>\n<\/ul>\n<h2 data-path-to-node=\"18\">Article 4 : Propri\u00e9t\u00e9 intellectuelle<\/h2>\n<p data-path-to-node=\"19\">Les marque<span class=\"citation-135 citation-136 citation-end-136\">s, logos, signes ainsi que tous les contenus du site (textes, images, son&#8230;) font l&rsquo;objet d&rsquo;une protection par le Code de la propri\u00e9t\u00e9 intellectuelle et plus particuli\u00e8rement par le droit d&rsquo;auteur.<\/span><\/p>\n<div class=\"source-inline-chip-container ng-star-inserted\">&nbsp;<\/div>\n<p data-path-to-node=\"20\"><span class=\"citation-133 citation-134 citation-end-134\">L&rsquo;Utilisateur doit solliciter l&rsquo;autorisation pr\u00e9alabl<\/span><span class=\"citation-133 citation-end-133\">e du site pour toute reproduction, publication, copie des diff\u00e9rents contenus. Il s&rsquo;engage \u00e0 une utilisation des contenus du site dans un cadre strictement priv\u00e9, toute utilisat<\/span>ion \u00e0 des fins commerciales et publicitaires est strictement interdite.<\/p>\n<div class=\"source-inline-chip-container ng-star-inserted\">&nbsp;<\/div>\n<h2 data-path-to-node=\"21\">Article 5 : Responsabilit\u00e9<\/h2>\n<p data-path-to-node=\"22\">Les sources des informations diffus\u00e9es sur le site <code data-path-to-node=\"22\" data-index-in-node=\"51\">https:\/\/ducultyservice.fr\/<\/code> sont r\u00e9put\u00e9es fiables mais le site ne garantit pas qu\u2019il <span class=\"citation-132 citation-end-132\">soit exempt de d\u00e9fauts, d\u2019erreurs ou d\u2019omissions.<\/span><\/p>\n<div class=\"source-inline-chip-container ng-star-inserted\">&nbsp;<\/div>\n<p data-path-to-node=\"23\"><span class=\"citation-131\">Les informations communiqu\u00e9es sont pr\u00e9sent\u00e9es \u00e0<\/span><span class=\"citation-130 citation-131 citation-end-131\"> titre indicatif et g\u00e9n\u00e9ral sans valeur contractuelle. Malgr\u00e9 des mises \u00e0 jour r\u00e9guli\u00e8res, le site ne peut <\/span><span class=\"citation-130\">\u00eatre tenu responsabl<\/span><span class=\"citation-129 citation-130 citation-end-130\">e de la modification des dispositions administratives et juridiques survenant apr\u00e8s la publica<\/span><span class=\"citation-129 citation-end-129\">tion.<\/span><\/p>\n<div class=\"source-inline-chip-container ng-star-inserted\">&nbsp;<\/div>\n<p data-path-to-node=\"24\"><span class=\"citation-128\">Le site ne peut \u00eatre tenu <\/span><span class=\"citation-126 citation-127 citation-128 citation-end-128\">pour responsable d\u2019\u00e9ventuels virus qui pourraient infecter l\u2019ordinateur ou tout mat\u00e9riel i<\/span><span class=\"citation-126 citation-127 citation-end-127\">nformatique de l\u2019Internaute, suite \u00e0 une utilisation, \u00e0 l\u2019acc\u00e8s, ou au t\u00e9l\u00e9chargement provenant de ce site.<\/span><\/p>\n<div class=\"source-inline-chip-container ng-star-inserted\">&nbsp;<\/div>\n<p data-path-to-node=\"25\"><span class=\"citation-124 citation-125 citation-end-125\">La responsabilit\u00e9 du site ne peut \u00eatre engag\u00e9e en cas de force majeure ou du fait impr\u00e9visible et insurmontable d<\/span><span class=\"citation-124 citation-end-124\">&lsquo;un tiers.<\/span><\/p>\n<div class=\"source-inline-chip-container ng-star-inserted\">&nbsp;<\/div>\n<h2 data-path-to-node=\"26\">Article 6 : Liens hypertextes<\/h2>\n<p data-path-to-node=\"27\">Des liens hypertextes peuvent \u00eatre pr\u00e9sents sur le site. L\u2019Utilisateur est inform\u00e9 qu\u2019en cliquant sur ces liens, il sortira du site <code data-path-to-node=\"27\" data-index-in-node=\"132\">https:\/\/ducultyservice.fr\/<\/code>. Ce dernier n\u2019a pas de contr\u00f4le sur les pages web sur lesquelles aboutissent ces liens et ne saurait, en aucun cas, \u00eatre responsable de leur contenu.<\/p>\n<h2 data-path-to-node=\"28\">Article 7 : Cookies<\/h2>\n<p data-path-to-node=\"29\">L\u2019Utilisateur est inform\u00e9 qu<span class=\"citation-123 citation-end-123\">e lors de ses visites sur le site, un cookie peut s\u2019installer automatiquement sur son logiciel de navigation.<\/span> <span class=\"citation-122\">Les cookies sont de petits fichiers stock\u00e9s temporairement sur le disque dur de l\u2019ordinateur de l\u2019Utilisateur par votre navigateur et qui sont n\u00e9cessaires \u00e0 l\u2019utilisation du site <\/span><code data-path-to-node=\"29\" data-index-in-node=\"317\"><span class=\"citation-122 citation-end-122\">https:\/\/<\/span>ducultyservice.fr\/<\/code>. Les cookies ne contiennent pas d\u2019information personnelle et ne peuvent pas \u00eatre utilis\u00e9s pour identifier quelqu\u2019un.<\/p>\n<div class=\"source-inline-chip-container ng-star-inserted\">&nbsp;<\/div>\n<p data-path-to-node=\"30\">En naviguant sur le site, L\u2019Utilisateur les accepte. \u00c0 d\u00e9faut d\u2019acceptation, l\u2019Utilisateur est inform\u00e9 que certaines fonctionnalit\u00e9s ou pages risquent de lui \u00eatre refus\u00e9es.<\/p>\n<h2 data-path-to-node=\"31\">Article 8 : Droit applicable et juridiction comp\u00e9tente<\/h2>\n<p id=\"p-rc_5dc6bebb8ee0a89e-28\" data-path-to-node=\"32\">La l\u00e9gislation fran\u00e7aise s&rsquo;applique au pr\u00e9sent contrat. En cas d&rsquo;absence de r\u00e9solution amiable d&rsquo;<span class=\"citation-121 citation-end-121\">un litige n\u00e9 entre les parties, les tribunaux fran\u00e7ais seront seuls comp\u00e9tents pour en conna\u00eetre. Pour toute question relative \u00e0 l\u2019application des pr\u00e9sentes CGU, vous pouvez joindre l\u2019\u00e9diteur aux coordonn\u00e9es inscrites \u00e0 l\u2019Article 1.<\/span><\/p>\t\t\t\t\t\t\t\t<\/div>\n\t\t\t\t<\/div>\n\t\t\t\t\t<\/div>\n\t\t\t\t<\/div>\n\t\t\t\t<\/div>\n\t\t","protected":false},"excerpt":{"rendered":"<p>Condition g\u00e9neral d&rsquo;utilisation CONDITIONS G\u00c9N\u00c9RALES D\u2019UTILISATION DU SITE DUCULTYSERVICE.FR En vigueur au 04\/03\/2024 Les pr\u00e9sentes conditions g\u00e9n\u00e9rales d&rsquo;utilisation (dites \u00ab CGU \u00bb) ont pour objet l&rsquo;encadrement juridique des modalit\u00e9s de mise \u00e0 disposition du site et des services par DUCULTY SERVICE et de d\u00e9finir les conditions d\u2019acc\u00e8s et d\u2019utilisation des services par \u00ab l&rsquo;Utilisateur \u00bb. [&hellip;]<\/p>\n","protected":false},"author":1,"featured_media":0,"parent":0,"menu_order":0,"comment_status":"closed","ping_status":"closed","template":"","meta":{"ocean_post_layout":"","ocean_both_sidebars_style":"","ocean_both_sidebars_content_width":0,"ocean_both_sidebars_sidebars_width":0,"ocean_sidebar":"","ocean_second_sidebar":"","ocean_disable_margins":"enable","ocean_add_body_class":"","ocean_shortcode_before_top_bar":"","ocean_shortcode_after_top_bar":"","ocean_shortcode_before_header":"","ocean_shortcode_after_header":"","ocean_has_shortcode":"","ocean_shortcode_after_title":"","ocean_shortcode_before_footer_widgets":"","ocean_shortcode_after_footer_widgets":"","ocean_shortcode_before_footer_bottom":"","ocean_shortcode_after_footer_bottom":"","ocean_display_top_bar":"default","ocean_display_header":"default","ocean_header_style":"","ocean_center_header_left_menu":"","ocean_custom_header_template":"","ocean_custom_logo":0,"ocean_custom_retina_logo":0,"ocean_custom_logo_max_width":0,"ocean_custom_logo_tablet_max_width":0,"ocean_custom_logo_mobile_max_width":0,"ocean_custom_logo_max_height":0,"ocean_custom_logo_tablet_max_height":0,"ocean_custom_logo_mobile_max_height":0,"ocean_header_custom_menu":"","ocean_menu_typo_font_family":"","ocean_menu_typo_font_subset":"","ocean_menu_typo_font_size":0,"ocean_menu_typo_font_size_tablet":0,"ocean_menu_typo_font_size_mobile":0,"ocean_menu_typo_font_size_unit":"px","ocean_menu_typo_font_weight":"","ocean_menu_typo_font_weight_tablet":"","ocean_menu_typo_font_weight_mobile":"","ocean_menu_typo_transform":"","ocean_menu_typo_transform_tablet":"","ocean_menu_typo_transform_mobile":"","ocean_menu_typo_line_height":0,"ocean_menu_typo_line_height_tablet":0,"ocean_menu_typo_line_height_mobile":0,"ocean_menu_typo_line_height_unit":"","ocean_menu_typo_spacing":0,"ocean_menu_typo_spacing_tablet":0,"ocean_menu_typo_spacing_mobile":0,"ocean_menu_typo_spacing_unit":"","ocean_menu_link_color":"","ocean_menu_link_color_hover":"","ocean_menu_link_color_active":"","ocean_menu_link_background":"","ocean_menu_link_hover_background":"","ocean_menu_link_active_background":"","ocean_menu_social_links_bg":"","ocean_menu_social_hover_links_bg":"","ocean_menu_social_links_color":"","ocean_menu_social_hover_links_color":"","ocean_disable_title":"default","ocean_disable_heading":"default","ocean_post_title":"","ocean_post_subheading":"","ocean_post_title_style":"","ocean_post_title_background_color":"","ocean_post_title_background":0,"ocean_post_title_bg_image_position":"","ocean_post_title_bg_image_attachment":"","ocean_post_title_bg_image_repeat":"","ocean_post_title_bg_image_size":"","ocean_post_title_height":0,"ocean_post_title_bg_overlay":0.5,"ocean_post_title_bg_overlay_color":"","ocean_disable_breadcrumbs":"default","ocean_breadcrumbs_color":"","ocean_breadcrumbs_separator_color":"","ocean_breadcrumbs_links_color":"","ocean_breadcrumbs_links_hover_color":"","ocean_display_footer_widgets":"default","ocean_display_footer_bottom":"default","ocean_custom_footer_template":"","footnotes":""},"class_list":["post-3353","page","type-page","status-publish","hentry","entry"],"yoast_head":"<!-- This site is optimized with the Yoast SEO plugin v27.0 - https:\/\/yoast.com\/product\/yoast-seo-wordpress\/ -->\n<title>CGU - DulcultyService<\/title>\n<meta name=\"robots\" content=\"index, follow, max-snippet:-1, max-image-preview:large, max-video-preview:-1\" \/>\n<link rel=\"canonical\" href=\"https:\/\/ducultyservice.fr\/?page_id=3353\" \/>\n<meta property=\"og:locale\" content=\"fr_FR\" \/>\n<meta property=\"og:type\" content=\"article\" \/>\n<meta property=\"og:title\" content=\"CGU - DulcultyService\" \/>\n<meta property=\"og:description\" content=\"Condition g\u00e9neral d&rsquo;utilisation CONDITIONS G\u00c9N\u00c9RALES D\u2019UTILISATION DU SITE DUCULTYSERVICE.FR En vigueur au 04\/03\/2024 Les pr\u00e9sentes conditions g\u00e9n\u00e9rales d&rsquo;utilisation (dites \u00ab CGU \u00bb) ont pour objet l&rsquo;encadrement juridique des modalit\u00e9s de mise \u00e0 disposition du site et des services par DUCULTY SERVICE et de d\u00e9finir les conditions d\u2019acc\u00e8s et d\u2019utilisation des services par \u00ab l&rsquo;Utilisateur \u00bb. [&hellip;]\" \/>\n<meta property=\"og:url\" content=\"https:\/\/ducultyservice.fr\/?page_id=3353\" \/>\n<meta property=\"og:site_name\" content=\"DulcultyService\" \/>\n<meta property=\"article:modified_time\" content=\"2026-03-04T10:51:40+00:00\" \/>\n<meta name=\"twitter:card\" content=\"summary_large_image\" \/>\n<meta name=\"twitter:label1\" content=\"Dur\u00e9e de lecture estim\u00e9e\" \/>\n\t<meta name=\"twitter:data1\" content=\"4 minutes\" \/>\n<script type=\"application\/ld+json\" class=\"yoast-schema-graph\">{\"@context\":\"https:\/\/schema.org\",\"@graph\":[{\"@type\":\"WebPage\",\"@id\":\"https:\/\/ducultyservice.fr\/?page_id=3353\",\"url\":\"https:\/\/ducultyservice.fr\/?page_id=3353\",\"name\":\"CGU - DulcultyService\",\"isPartOf\":{\"@id\":\"https:\/\/ducultyservice.fr\/#website\"},\"datePublished\":\"2026-02-05T15:11:47+00:00\",\"dateModified\":\"2026-03-04T10:51:40+00:00\",\"breadcrumb\":{\"@id\":\"https:\/\/ducultyservice.fr\/?page_id=3353#breadcrumb\"},\"inLanguage\":\"fr-FR\",\"potentialAction\":[{\"@type\":\"ReadAction\",\"target\":[\"https:\/\/ducultyservice.fr\/?page_id=3353\"]}]},{\"@type\":\"BreadcrumbList\",\"@id\":\"https:\/\/ducultyservice.fr\/?page_id=3353#breadcrumb\",\"itemListElement\":[{\"@type\":\"ListItem\",\"position\":1,\"name\":\"Accueil\",\"item\":\"https:\/\/ducultyservice.fr\/\"},{\"@type\":\"ListItem\",\"position\":2,\"name\":\"CGU\"}]},{\"@type\":\"WebSite\",\"@id\":\"https:\/\/ducultyservice.fr\/#website\",\"url\":\"https:\/\/ducultyservice.fr\/\",\"name\":\"DulcultyService\",\"description\":\"\",\"potentialAction\":[{\"@type\":\"SearchAction\",\"target\":{\"@type\":\"EntryPoint\",\"urlTemplate\":\"https:\/\/ducultyservice.fr\/?s={search_term_string}\"},\"query-input\":{\"@type\":\"PropertyValueSpecification\",\"valueRequired\":true,\"valueName\":\"search_term_string\"}}],\"inLanguage\":\"fr-FR\"}]}<\/script>\n<!-- \/ Yoast SEO plugin. -->","yoast_head_json":{"title":"CGU - DulcultyService","robots":{"index":"index","follow":"follow","max-snippet":"max-snippet:-1","max-image-preview":"max-image-preview:large","max-video-preview":"max-video-preview:-1"},"canonical":"https:\/\/ducultyservice.fr\/?page_id=3353","og_locale":"fr_FR","og_type":"article","og_title":"CGU - DulcultyService","og_description":"Condition g\u00e9neral d&rsquo;utilisation CONDITIONS G\u00c9N\u00c9RALES D\u2019UTILISATION DU SITE DUCULTYSERVICE.FR En vigueur au 04\/03\/2024 Les pr\u00e9sentes conditions g\u00e9n\u00e9rales d&rsquo;utilisation (dites \u00ab CGU \u00bb) ont pour objet l&rsquo;encadrement juridique des modalit\u00e9s de mise \u00e0 disposition du site et des services par DUCULTY SERVICE et de d\u00e9finir les conditions d\u2019acc\u00e8s et d\u2019utilisation des services par \u00ab l&rsquo;Utilisateur \u00bb. [&hellip;]","og_url":"https:\/\/ducultyservice.fr\/?page_id=3353","og_site_name":"DulcultyService","article_modified_time":"2026-03-04T10:51:40+00:00","twitter_card":"summary_large_image","twitter_misc":{"Dur\u00e9e de lecture estim\u00e9e":"4 minutes"},"schema":{"@context":"https:\/\/schema.org","@graph":[{"@type":"WebPage","@id":"https:\/\/ducultyservice.fr\/?page_id=3353","url":"https:\/\/ducultyservice.fr\/?page_id=3353","name":"CGU - DulcultyService","isPartOf":{"@id":"https:\/\/ducultyservice.fr\/#website"},"datePublished":"2026-02-05T15:11:47+00:00","dateModified":"2026-03-04T10:51:40+00:00","breadcrumb":{"@id":"https:\/\/ducultyservice.fr\/?page_id=3353#breadcrumb"},"inLanguage":"fr-FR","potentialAction":[{"@type":"ReadAction","target":["https:\/\/ducultyservice.fr\/?page_id=3353"]}]},{"@type":"BreadcrumbList","@id":"https:\/\/ducultyservice.fr\/?page_id=3353#breadcrumb","itemListElement":[{"@type":"ListItem","position":1,"name":"Accueil","item":"https:\/\/ducultyservice.fr\/"},{"@type":"ListItem","position":2,"name":"CGU"}]},{"@type":"WebSite","@id":"https:\/\/ducultyservice.fr\/#website","url":"https:\/\/ducultyservice.fr\/","name":"DulcultyService","description":"","potentialAction":[{"@type":"SearchAction","target":{"@type":"EntryPoint","urlTemplate":"https:\/\/ducultyservice.fr\/?s={search_term_string}"},"query-input":{"@type":"PropertyValueSpecification","valueRequired":true,"valueName":"search_term_string"}}],"inLanguage":"fr-FR"}]}},"_links":{"self":[{"href":"https:\/\/ducultyservice.fr\/index.php?rest_route=\/wp\/v2\/pages\/3353","targetHints":{"allow":["GET"]}}],"collection":[{"href":"https:\/\/ducultyservice.fr\/index.php?rest_route=\/wp\/v2\/pages"}],"about":[{"href":"https:\/\/ducultyservice.fr\/index.php?rest_route=\/wp\/v2\/types\/page"}],"author":[{"embeddable":true,"href":"https:\/\/ducultyservice.fr\/index.php?rest_route=\/wp\/v2\/users\/1"}],"replies":[{"embeddable":true,"href":"https:\/\/ducultyservice.fr\/index.php?rest_route=%2Fwp%2Fv2%2Fcomments&post=3353"}],"version-history":[{"count":16,"href":"https:\/\/ducultyservice.fr\/index.php?rest_route=\/wp\/v2\/pages\/3353\/revisions"}],"predecessor-version":[{"id":3703,"href":"https:\/\/ducultyservice.fr\/index.php?rest_route=\/wp\/v2\/pages\/3353\/revisions\/3703"}],"wp:attachment":[{"href":"https:\/\/ducultyservice.fr\/index.php?rest_route=%2Fwp%2Fv2%2Fmedia&parent=3353"}],"curies":[{"name":"wp","href":"https:\/\/api.w.org\/{rel}","templated":true}]}}